{"id":332,"date":"2018-03-10T00:24:15","date_gmt":"2018-03-09T23:24:15","guid":{"rendered":"http:\/\/oller-trade.eu\/?page_id=332"},"modified":"2025-03-19T13:35:02","modified_gmt":"2025-03-19T12:35:02","slug":"offer","status":"publish","type":"page","link":"https:\/\/oller-trade.eu\/index.php\/pl\/offer\/","title":{"rendered":"Offer &#8211; [PL]"},"content":{"rendered":"<div id=\"pl-332\"  class=\"panel-layout\" ><div id=\"pg-332-0\"  class=\"panel-grid panel-has-style\"  style=\"margin-bottom: 30px\" ><div class=\"so-parallax siteorigin-panels-stretch panel-row-style panel-row-style-for-332-0\" data-stretch-type=\"full-width-stretch\" ><img fetchpriority=\"high\" decoding=\"async\" width=\"2720\" height=\"1807\" src=\"https:\/\/oller-trade.eu\/wp-content\/uploads\/2018\/03\/28872069_925471847613418_4769917329486118912_o.jpg\" class=\"attachment-full size-full\" alt=\"\" data-siteorigin-parallax=\"true\" loading=\"eager\" srcset=\"https:\/\/oller-trade.eu\/wp-content\/uploads\/2018\/03\/28872069_925471847613418_4769917329486118912_o.jpg 2720w, https:\/\/oller-trade.eu\/wp-content\/uploads\/2018\/03\/28872069_925471847613418_4769917329486118912_o-300x199.jpg 300w, https:\/\/oller-trade.eu\/wp-content\/uploads\/2018\/03\/28872069_925471847613418_4769917329486118912_o-768x510.jpg 768w, https:\/\/oller-trade.eu\/wp-content\/uploads\/2018\/03\/28872069_925471847613418_4769917329486118912_o-1024x680.jpg 1024w, https:\/\/oller-trade.eu\/wp-content\/uploads\/2018\/03\/28872069_925471847613418_4769917329486118912_o-360x240.jpg 360w\" sizes=\"(max-width: 2720px) 100vw, 2720px\" \/><div id=\"pgc-332-0-0\"  class=\"panel-grid-cell\" ><div id=\"panel-332-0-0-0\" class=\"so-panel widget widget_siteorigin-panels-builder panel-first-child panel-last-child\" data-index=\"0\" ><div style=\"padding: 150pt 10pt 150pt 10pt;\" class=\"panel-widget-style panel-widget-style-for-332-0-0-0\" ><div id=\"pl-w5aa66276d56d1\"  class=\"panel-layout\" ><div id=\"pg-w5aa66276d56d1-0\"  class=\"panel-grid panel-no-style\"  style=\"margin-bottom: 30px\" ><div id=\"pgc-w5aa66276d56d1-0-0\"  class=\"panel-grid-cell\" ><div id=\"panel-w5aa66276d56d1-0-0-0\" class=\"so-panel widget widget_text panel-first-child panel-last-child\" data-index=\"0\" ><h3 class=\"widget-title\">Oller-Trade<\/h3>\t\t\t<div class=\"textwidget\"><\/div>\n\t\t<\/div><\/div><\/div><div id=\"pg-w5aa66276d56d1-1\"  class=\"panel-grid panel-no-style\" ><div id=\"pgc-w5aa66276d56d1-1-0\"  class=\"panel-grid-cell panel-grid-cell-empty\" ><\/div><div id=\"pgc-w5aa66276d56d1-1-1\"  class=\"panel-grid-cell panel-grid-cell-mobile-last\" ><div id=\"panel-w5aa66276d56d1-1-1-0\" class=\"widget_text so-panel widget widget_custom_html panel-first-child panel-last-child\" data-index=\"1\" ><div class=\"textwidget custom-html-widget\"><a href=\"\/index.php\/pl\/offer\" title=\"Oferta\" id=\"OfferButton\" class=\"polishLanguageButton btn btn-primary btn-lg customize-unpreviewable\">Oferta<\/a>\n<a href=\"\/index.php\/pl\/contact\" title=\"Kontakt\" id=\"ContactButton\" class=\"englishLanguageButton btn btn-primary btn-lg customize-unpreviewable\">Kontakt<\/a><\/div><\/div><\/div><div id=\"pgc-w5aa66276d56d1-1-2\"  class=\"panel-grid-cell panel-grid-cell-empty\" ><\/div><\/div><\/div><\/div><\/div><\/div><\/div><\/div><div id=\"pg-332-1\"  class=\"panel-grid panel-no-style\"  style=\"margin-bottom: 30px\" ><div id=\"pgc-332-1-0\"  class=\"panel-grid-cell\" ><div id=\"panel-332-1-0-0\" class=\"so-panel widget widget_sow-editor panel-first-child panel-last-child\" data-index=\"1\" ><div\n\t\t\t\n\t\t\tclass=\"so-widget-sow-editor so-widget-sow-editor-base\"\n\t\t\t\n\t\t>\n<div class=\"siteorigin-widget-tinymce textwidget\">\n\t<p style=\"text-align: center;\"><strong>Poni\u017cej umieszczone zosta\u0142y linki do szczeg\u00f3\u0142\u00f3w pozycji<\/strong><br \/>\n<strong>znajduj\u0105cych si\u0119 aktualnie w naszej ofercie.<\/strong><\/p>\n<p style=\"text-align: center;\"><strong>Staramy si\u0119 tak\u017ce odpowiada\u0107 na zapotrzebowanie naszych Klient\u00f3w wykraczaj\u0105ce poza t\u0119 list\u0119.<\/strong><\/p>\n<p style=\"text-align: center;\"><strong>W przypadku ch\u0119ci zakupu lub pyta\u0144, zapraszamy do skorzystania z zak\u0142adki \"Kontakt.\"<\/strong><\/p>\n<p>&nbsp;<\/p>\n<h4 style=\"text-align: center;\"><strong>Maszyny i urz\u0105dzenia<\/strong><\/h4>\n<\/div>\n<\/div><\/div><\/div><\/div><div id=\"pg-332-2\"  class=\"panel-grid panel-has-style\"  style=\"margin-bottom: 30px\" ><div class=\"panel-row-style panel-row-style-for-332-2\" ><div id=\"pgc-332-2-0\"  class=\"panel-grid-cell\" ><div id=\"panel-332-2-0-0\" class=\"widget_text so-panel widget widget_custom_html panel-first-child panel-last-child\" data-index=\"2\" ><div class=\"textwidget custom-html-widget\"><a href=\"\/index.php\/pl\/offer\/metal\" title=\"Do Metalu\" id=\"OfferButton\" class=\"polishLanguageButton btn btn-primary btn-lg customize-unpreviewable\">Do Metalu<\/a>\n<a href=\"\/index.php\/pl\/offer\/gum\" title=\"Do Gumy\" id=\"ContactButton\" class=\"englishLanguageButton btn btn-primary btn-lg customize-unpreviewable\">Do Gumy<\/a><\/div><\/div><\/div><\/div><\/div><div id=\"pg-332-3\"  class=\"panel-grid panel-no-style\" ><div id=\"pgc-332-3-0\"  class=\"panel-grid-cell\" ><div id=\"panel-332-3-0-0\" class=\"so-panel widget widget_sow-editor panel-first-child panel-last-child\" data-index=\"3\" ><div\n\t\t\t\n\t\t\tclass=\"so-widget-sow-editor so-widget-sow-editor-base\"\n\t\t\t\n\t\t>\n<div class=\"siteorigin-widget-tinymce textwidget\">\n\t<p>&nbsp;<\/p>\n<p>&nbsp;<\/p>\n<p style=\"text-align: center;\"><span style=\"font-size: 12px;\">Wszystkie nasze oferty podlegaj\u0105 wcze\u015bniejszej sprzeda\u017cy bez uprzedzenia.<br \/>\nDok\u0142adamy wszelkich stara\u0144, aby opisy i dane techniczne zamieszczone na naszej stronie by\u0142y zgodne ze stanem faktycznym,<br \/>\njednak mog\u0105 zawiera\u0107 rozbie\u017cno\u015bci.<\/span><\/p>\n<\/div>\n<\/div><\/div><\/div><\/div><\/div>","protected":false},"excerpt":{"rendered":"<p>Poni\u017cej umieszczone zosta\u0142y linki do szczeg\u00f3\u0142\u00f3w pozycji znajduj\u0105cych si\u0119 aktualnie w naszej ofercie. Staramy si\u0119 tak\u017ce odpowiada\u0107 na zapotrzebowanie naszych Klient\u00f3w wykraczaj\u0105ce poza t\u0119 list\u0119. W przypadku ch\u0119ci zakupu lub pyta\u0144, zapraszamy do skorzystania z zak\u0142adki &#8222;Kontakt.&#8221; &nbsp; Maszyny i urz\u0105dzenia<\/p>\n","protected":false},"author":1,"featured_media":0,"parent":32,"menu_order":0,"comment_status":"closed","ping_status":"closed","template":"","meta":{"_themeisle_gutenberg_block_has_review":false,"footnotes":""},"class_list":["post-332","page","type-page","status-publish","hentry"],"_links":{"self":[{"href":"https:\/\/oller-trade.eu\/index.php\/wp-json\/wp\/v2\/pages\/332","targetHints":{"allow":["GET"]}}],"collection":[{"href":"https:\/\/oller-trade.eu\/index.php\/wp-json\/wp\/v2\/pages"}],"about":[{"href":"https:\/\/oller-trade.eu\/index.php\/wp-json\/wp\/v2\/types\/page"}],"author":[{"embeddable":true,"href":"https:\/\/oller-trade.eu\/index.php\/wp-json\/wp\/v2\/users\/1"}],"replies":[{"embeddable":true,"href":"https:\/\/oller-trade.eu\/index.php\/wp-json\/wp\/v2\/comments?post=332"}],"version-history":[{"count":44,"href":"https:\/\/oller-trade.eu\/index.php\/wp-json\/wp\/v2\/pages\/332\/revisions"}],"predecessor-version":[{"id":719,"href":"https:\/\/oller-trade.eu\/index.php\/wp-json\/wp\/v2\/pages\/332\/revisions\/719"}],"up":[{"embeddable":true,"href":"https:\/\/oller-trade.eu\/index.php\/wp-json\/wp\/v2\/pages\/32"}],"wp:attachment":[{"href":"https:\/\/oller-trade.eu\/index.php\/wp-json\/wp\/v2\/media?parent=332"}],"curies":[{"name":"wp","href":"https:\/\/api.w.org\/{rel}","templated":true}]}}