{"id":32,"date":"2018-03-05T22:30:22","date_gmt":"2018-03-05T21:30:22","guid":{"rendered":"http:\/\/oller-trade.eu\/?page_id=32"},"modified":"2025-03-19T12:06:18","modified_gmt":"2025-03-19T11:06:18","slug":"pl","status":"publish","type":"page","link":"https:\/\/oller-trade.eu\/index.php\/pl\/","title":{"rendered":"PL"},"content":{"rendered":"<div id=\"pl-32\"  class=\"panel-layout\" ><div id=\"pg-32-0\"  class=\"panel-grid panel-has-style\"  style=\"margin-bottom: 30px\" ><div class=\"so-parallax siteorigin-panels-stretch panel-row-style panel-row-style-for-32-0\" data-stretch-type=\"full-width-stretch\" ><img fetchpriority=\"high\" decoding=\"async\" width=\"2720\" height=\"1807\" src=\"https:\/\/oller-trade.eu\/wp-content\/uploads\/2018\/03\/28872069_925471847613418_4769917329486118912_o.jpg\" class=\"attachment-full size-full\" alt=\"\" data-siteorigin-parallax=\"true\" loading=\"eager\" srcset=\"https:\/\/oller-trade.eu\/wp-content\/uploads\/2018\/03\/28872069_925471847613418_4769917329486118912_o.jpg 2720w, https:\/\/oller-trade.eu\/wp-content\/uploads\/2018\/03\/28872069_925471847613418_4769917329486118912_o-300x199.jpg 300w, https:\/\/oller-trade.eu\/wp-content\/uploads\/2018\/03\/28872069_925471847613418_4769917329486118912_o-768x510.jpg 768w, https:\/\/oller-trade.eu\/wp-content\/uploads\/2018\/03\/28872069_925471847613418_4769917329486118912_o-1024x680.jpg 1024w, https:\/\/oller-trade.eu\/wp-content\/uploads\/2018\/03\/28872069_925471847613418_4769917329486118912_o-360x240.jpg 360w\" sizes=\"(max-width: 2720px) 100vw, 2720px\" \/><div id=\"pgc-32-0-0\"  class=\"panel-grid-cell\" ><div id=\"panel-32-0-0-0\" class=\"so-panel widget widget_siteorigin-panels-builder panel-first-child panel-last-child\" data-index=\"0\" ><div style=\"padding: 100pt 10pt 100pt 10pt;\" class=\"panel-widget-style panel-widget-style-for-32-0-0-0\" ><div id=\"pl-w67daa37678d8d\"  class=\"panel-layout\" ><div id=\"pg-w67daa37678d8d-0\"  class=\"panel-grid panel-no-style\"  style=\"margin-bottom: 30px\" ><div id=\"pgc-w67daa37678d8d-0-0\"  class=\"panel-grid-cell\" ><div id=\"panel-w67daa37678d8d-0-0-0\" class=\"so-panel widget widget_text panel-first-child panel-last-child\" data-index=\"0\" ><h3 class=\"widget-title\">Oller-Trade<\/h3>\t\t\t<div class=\"textwidget\"><\/div>\n\t\t<\/div><\/div><\/div><div id=\"pg-w67daa37678d8d-1\"  class=\"panel-grid panel-no-style\" ><div id=\"pgc-w67daa37678d8d-1-0\"  class=\"panel-grid-cell panel-grid-cell-empty\" ><\/div><div id=\"pgc-w67daa37678d8d-1-1\"  class=\"panel-grid-cell panel-grid-cell-mobile-last\" ><div id=\"panel-w67daa37678d8d-1-1-0\" class=\"widget_text so-panel widget widget_custom_html panel-first-child panel-last-child\" data-index=\"1\" ><div class=\"textwidget custom-html-widget\"><a href=\"offer\" title=\"Oferta\" id=\"OfferButton\" class=\"polishLanguageButton btn btn-primary btn-lg customize-unpreviewable\">Oferta<\/a>\n<a href=\"contact\" title=\"Kontakt\" id=\"ContactButton\" class=\"englishLanguageButton btn btn-primary btn-lg customize-unpreviewable\">Kontakt<\/a><\/div><\/div><\/div><div id=\"pgc-w67daa37678d8d-1-2\"  class=\"panel-grid-cell panel-grid-cell-empty\" ><\/div><\/div><\/div><\/div><\/div><\/div><\/div><\/div><div id=\"pg-32-1\"  class=\"panel-grid panel-has-style\" ><div style=\"padding: 0px 50px 50px 50px;\" class=\"panel-row-style panel-row-style-for-32-1\" ><div id=\"pgc-32-1-0\"  class=\"panel-grid-cell\" ><div id=\"panel-32-1-0-0\" class=\"so-panel widget widget_sow-editor panel-first-child panel-last-child\" data-index=\"1\" style=\"margin: 0% 0% 0% 0%;\" ><div\n\t\t\t\n\t\t\tclass=\"so-widget-sow-editor so-widget-sow-editor-base\"\n\t\t\t\n\t\t><h3 class=\"widget-title\">O nas<\/h3>\n<div class=\"siteorigin-widget-tinymce textwidget\">\n\t<p><strong>OLLER-TRADE jest rodzinn\u0105 polsk\u0105 firm\u0105 zajmuj\u0105c\u0105 si\u0119 obrotem u\u017cywanymi maszynami oraz wyposa\u017ceniem do obr\u00f3bki gumy oraz metalu.<\/strong><\/p>\n<p><strong>Cechuje nas bogate do\u015bwiadczenie oraz zaufanie naszych klient\u00f3w.<\/strong><\/p>\n<p><strong>Oferujemy mi\u0119dzy innymi: walcarki, prasy, wyt\u0142aczarki, tokarki, szlifierki, wiertarko-frezarki, maszyny do obr\u00f3bki k\u00f3\u0142 z\u0119batych i gwint\u00f3w, zwijarki oraz prostowarki do blach.<\/strong><\/p>\n<p><strong>Korzystaj\u0105c z naszego do\u015bwiadczenia oraz nawi\u0105zanych kontakt\u00f3w, jeste\u015bmy tak\u017ce w stanie wyszuka\u0107 dane urz\u0105dzenie na \u017cyczenie klienta.<\/strong><\/p>\n<\/div>\n<\/div><\/div><\/div><\/div><\/div><\/div>","protected":false},"excerpt":{"rendered":"<p>OLLER-TRADE jest rodzinn\u0105 polsk\u0105 firm\u0105 zajmuj\u0105c\u0105 si\u0119 obrotem u\u017cywanymi maszynami oraz wyposa\u017ceniem do obr\u00f3bki gumy oraz metalu. Cechuje nas bogate do\u015bwiadczenie oraz zaufanie naszych klient\u00f3w. Oferujemy mi\u0119dzy innymi: walcarki, prasy, wyt\u0142aczarki, tokarki, szlifierki, wiertarko-frezarki, maszyny do obr\u00f3bki k\u00f3\u0142 z\u0119batych i gwint\u00f3w, zwijarki oraz prostowarki do blach. Korzystaj\u0105c z naszego do\u015bwiadczenia<a class=\"moretag\" href=\"https:\/\/oller-trade.eu\/index.php\/pl\/\"> Czytaj wi\u0119cej<\/a><\/p>\n","protected":false},"author":1,"featured_media":0,"parent":0,"menu_order":0,"comment_status":"closed","ping_status":"closed","template":"page-templates\/template-fullwidth.php","meta":{"_themeisle_gutenberg_block_has_review":false,"footnotes":""},"class_list":["post-32","page","type-page","status-publish","hentry"],"_links":{"self":[{"href":"https:\/\/oller-trade.eu\/index.php\/wp-json\/wp\/v2\/pages\/32","targetHints":{"allow":["GET"]}}],"collection":[{"href":"https:\/\/oller-trade.eu\/index.php\/wp-json\/wp\/v2\/pages"}],"about":[{"href":"https:\/\/oller-trade.eu\/index.php\/wp-json\/wp\/v2\/types\/page"}],"author":[{"embeddable":true,"href":"https:\/\/oller-trade.eu\/index.php\/wp-json\/wp\/v2\/users\/1"}],"replies":[{"embeddable":true,"href":"https:\/\/oller-trade.eu\/index.php\/wp-json\/wp\/v2\/comments?post=32"}],"version-history":[{"count":80,"href":"https:\/\/oller-trade.eu\/index.php\/wp-json\/wp\/v2\/pages\/32\/revisions"}],"predecessor-version":[{"id":702,"href":"https:\/\/oller-trade.eu\/index.php\/wp-json\/wp\/v2\/pages\/32\/revisions\/702"}],"wp:attachment":[{"href":"https:\/\/oller-trade.eu\/index.php\/wp-json\/wp\/v2\/media?parent=32"}],"curies":[{"name":"wp","href":"https:\/\/api.w.org\/{rel}","templated":true}]}}